 26.
11
Calculate the remainder when 86 is divided by 6.
2
What is the remainder when 475 is divided by 62?
41
Calculate the remainder when 93 is divided by 13.
2
Calculate the remainder when 266 is divided by 15.
11
Calculate the remainder when 610 is divided by 68.
66
What is the remainder when 14584 is divided by 11?
9
Calculate the remainder when 117 is divided by 40.
37
What is the remainder when 269 is divided by 110?
49
What is the remainder when 2231 is divided by 77?
75
What is the remainder when 6322 is divided by 25?
22
What is the remainder when 1323 is divided by 1305?
18
Calculate the remainder when 152 is divided by 11.
9
What is the remainder when 47139 is divided by 243?
240
What is the remainder when 1270 is divided by 181?
3
Calculate the remainder when 1626 is divided by 31.
14
Calculate the remainder when 15 is divided by 7.
1
Calculate the remainder when 2768 is divided by 44.
40
What is the remainder when 108 is divided by 14?
10
Calculate the remainder when 649 is divided by 21.
19
Calculate the remainder when 4837 is divided by 19.
11
What is the remainder when 198 is divided by 8?
6
Calculate the remainder when 39 is divided by 20.
19
What is the remainder when 359 is divided by 28?
23
Calculate the remainder when 1233 is divided by 1200.
33
What is the remainder when 78 is divided by 10?
8
What is the remainder when 164 is divided by 42?
38
What is the remainder when 182 is divided by 181?
1
Calculate the remainder when 1950 is divided by 85.
80
What is the remainder when 189 is divided by 37?
4
Calculate the remainder when 18668 is divided by 21.
20
Calculate the remainder when 289 is divided by 287.
2
What is the remainder when 109 is divided by 55?
54
What is the remainder when 52 is divided by 14?
10
Calculate the remainder when 148 is divided by 37.
0
Calculate the remainder when 1256 is divided by 1.
0
What is the remainder when 1529 is divided by 34?
33
Calculate the remainder when 3294 is divided by 542.
42
Calculate the remainder when 394 is divided by 24.
10
Calculate the remainder when 225 is divided by 11.
5
What is the remainder when 143 is divided by 19?
10
What is the remainder when 1440 is divided by 286?
10
Calculate the remainder when 63 is divided by 7.
0
What is the remainder when 769 is divided by 18?
13
What is the remainder when 1159 is divided by 106?
99
What is the remainder when 12 is divided by 4?
0
Calculate the remainder when 21943 is divided by 133.
131
Calculate the remainder when 474 is divided by 53.
50
What is the remainder when 13934 is divided by 23?
19
What is the remainder when 77 is divided by 8?
5
Calculate the remainder when 897 is divided by 36.
33
What is the remainder when 3034 is divided by 739?
78
What is the remainder when 296 is divided by 34?
24
What is the remainder when 430 is divided by 64?
46
Calculate the remainder when 232 is divided by 60.
52
What is the remainder when 47 is divided by 19?
9
Calculate the remainder when 274 is divided by 18.
4
Calculate the remainder when 322 is divided by 17.
16
What is the remainder when 99 is divided by 25?
24
Calculate the remainder when 84 is divided by 10.
4
Calculate the remainder when 466 is divided by 119.
109
Calculate the remainder when 1318 is divided by 602.
114
What is the remainder when 2241 is divided by 11?
8
Calculate the remainder when 2885 is divided by 111.
110
Calculate the remainder when 173 is divided by 6.
5
What is the remainder when 753 is divided by 38?
31
What is the remainder when 1526 is divided by 151?
16
Calculate the remainder when 95 is divided by 11.
7
Calculate the remainder when 47 is divided by 8.
7
Calculate the remainder when 168 is divided by 43.
39
What is the remainder when 808 is divided by 9?
7
Calculate the remainder when 112 is divided by 59.
53
Calculate the remainder when 225 is divided by 78.
69
Calculate the remainder when 309 is divided by 150.
9
Calculate the remainder when 1105 is divided by 354.
43
What is the remainder when 358 is divided by 90?
88
Calculate the remainder when 729 is divided by 8.
1
What is the remainder when 23 is divided by 5?
3
Calculate the remainder when 65 is divided by 17.
14
Calculate the remainder when 8257 is divided by 10.
7
What is the remainder when 275 is divided by 31?
27
What is the remainder when 203 is divided by 65?
8
What is the remainder when 86 is divided by 15?
11
Calculate the remainder when 2380 is divided by 108.
4
Calculate the remainder when 3235 is divided by 536.
19
What is the remainder when 52 is divided by 9?
7
What is the remainder when 133 is divided by 76?
57
What is the remainder when 1087 is divided by 316?
139
What is the remainder when 1477 is divided by 385?
322
What is the remainder when 3039 is divided by 39?
36
Calculate the remainder when 689 is divided by 231.
227
What is the remainder when 535 is divided by 530?
5
What is the remainder when 454 is divided by 404?
50
Calculate the remainder when 68 is divided by 7.
5
What is the remainder when 201 is divided by 92?
17
Calculate the remainder when 440 is divided by 63.
62
What is the remainder when 239 is divided by 120?
119
What is the remainder when 1512 is divided by 58?
4
Calculate the remainder when 104 is divided by 28.
20
What is the remainder when 459 is divided by 20?
19
What is the remainder when 341 is divided by 27?
17
What is the remainder when 338 is divided by 17?
15
What is the remainder when 2089 is divided by 13?
9
Calculate the remainder when 1096 is divided by 52.
4
What is the remainder when 296 is divided by 9?
8
What is the remainder when 120 is divided by 100?
20
Calculate the remainder when 237 is divided by 34.
33
Calculate the remainder when 25337 is divided by 28.
25
What is the remainder when 2322 is divided by 17?
10
Calculate the remainder when 173 is divided by 34.
3
Calculate the remainder when 150 is divided by 19.
17
What is the remainder when 1891 is divided by 132?
43
Calculate the remainder when 671 is divided by 73.
14
Calculate the remainder when 117 is divided by 57.
3
Calculate the remainder when 264 is divided by 139.
125
Calculate the remainder when 504 is divided by 168.
0
What is the remainder when 908 is divided by 140?
68
Calculate the remainder when 317 is divided by 41.
30
What is the remainder when 24490 is divided by 15?
10
What is the remainder when 42 is divided by 19?
4
What is the remainder when 919 is divided by 71?
67
Calculate the remainder when 1245 is divided by 125.
120
Calculate the remainder when 187 is divided by 54.
25
Calculate the remainder when 21 is divided by 12.
9
Calculate the remainder when 1880 is divided by 33.
32
Calculate the remainder when 7758 is divided by 80.
78
Calculate the remainder when 614 is divided by 60.
14
Calculate the remainder when 399 is divided by 31.
27
What is the remainder when 1829 is divided by 61?
60
Calculate the remainder when 1783 is divided by 5.
3
What is the remainder when 166 is divided by 72?
22
Calculate the remainder when 6371 is divided by 12.
11
Calculate the remainder when 37 is divided by 33.
4
Calculate the remainder when 906 is divided by 240.
186
What is the remainder when 80 is divided by 3?
2
What is the remainder when 1103 is divided by 224?
207
What is the remainder when 98 is divided by 21?
14
Calculate the remainder when 13345 is divided by 94.
91
Calculate the remainder when 550 is divided by 62.
54
Calculate the remainder when 1580 is divided by 31.
30
Calculate the remainder when 132 is divided by 68.
64
What is the remainder when 943 is divided by 73?
67
Calculate the remainder when 3780 is divided by 66.
18
What is the remainder when 128 is divided by 22?
18
Calculate the remainder when 77 is divided by 42.
35
What is the remainder when 155 is divided by 21?
8
What is the remainder when 159 is divided by 53?
0
Calculate the remainder when 1444 is divided by 49.
23
Calculate the remainder when 409 is divided by 40.
9
Calculate the remainder when 68 is divided by 24.
20
What is the remainder when 286 is divided by 58?
54
What is the remainder when 2212 is divided by 21?
7
Calculate the remainder when 3639 is divided by 332.
319
What is the remainder when 694 is divided by 166?
30
What is the remainder when 36 is divided by 8?
4
Wha